{"id":6360,"date":"2020-03-24T09:59:38","date_gmt":"2020-03-24T09:59:38","guid":{"rendered":"https:\/\/kodyka.com\/?page_id=6360"},"modified":"2023-02-28T21:02:51","modified_gmt":"2023-02-28T21:02:51","slug":"politica-privacidad","status":"publish","type":"page","link":"https:\/\/kodyka.com\/es\/politica-privacidad\/","title":{"rendered":"Pol\u00edtica de privacidad"},"content":{"rendered":"<section  class='av_textblock_section av-leoqjkdj-2fbdfe073b97733c7e91d5576eb95f4a'  itemscope=\"itemscope\" itemtype=\"https:\/\/schema.org\/CreativeWork\" ><div class='avia_textblock'  itemprop=\"text\" ><h2>\u00bfQuienes somos?<\/h2>\n<p>o Nuestro nombre: Kodyka S.L.<\/p>\n<p>o Nuestro negocio principal: fabricaci\u00f3n, distribuci\u00f3n y venta de impresoras y tintas t\u00e9rmicas TIJ 2.5<\/p>\n<p>o Nuestra direcci\u00f3n: Avenida de Mendavia 11, Pabell\u00f3n N\u00ba 16, 26009, Logro\u00f1o, La Rioja, Espa\u00f1a<\/p>\n<p>o Nuestro tel\u00e9fono de contacto: +34 941743964<\/p>\n<p>o Nuestra direcci\u00f3n de correo electr\u00f3nico de contacto: info@kodyka.com<\/p>\n<p>o Nuestro sitio web: https:\/\/kodyka.com<\/p>\n<p>o Para su confianza y seguridad, le informamos que somos una entidad inscrita en el siguiente Registro Mercantil\/Registro P\u00fablico: R.M. de la Rioja, Tomo 854, Folio 158, Inscripci\u00f3n:1, Hoja: LO: 18595<\/p>\n<p>Estamos a tu disposici\u00f3n, no dudes en contactarnos.<\/p>\n<\/div><\/section>\n<section  class='av_textblock_section av-kb69hmgd-6eada6a40168445d4dd279715160dc2d'  itemscope=\"itemscope\" itemtype=\"https:\/\/schema.org\/CreativeWork\" ><div class='avia_textblock'  itemprop=\"text\" ><p><strong><u>TRATAMIENTOS DE DATOS PERSONALES A TRAV\u00c9S DE LA P\u00c1GINA WEB<\/u><\/strong><\/p>\n<p>En cumplimiento de lo establecido en la normativa aplicable de Protecci\u00f3n de Datos, le informamos que los datos que ser\u00e1n tratados como Responsable por <strong>Indetec marcaje y codificaci\u00f3n S.L<\/strong>. cuya finalidad del tratamiento es la prestaci\u00f3n del servicio que el usuario solicite a trav\u00e9s de nuestro formulario de contacto y para ello necesitamos que marque la casilla habilitada que indica la aceptaci\u00f3n de esta pol\u00edtica, de tal manera que si no lo hace no tendremos su consentimiento expreso y por ello no podremos dar respuesta a su solicitud.<\/p>\n<p>Para la correcta prestaci\u00f3n de los servicios ofrecidos por <strong>Indetec marcaje y codificaci\u00f3n S.L<\/strong> es preciso que el usuario conteste a todas y cada una de las preguntas que aparecen en los formularios presentes en nuestro sitio web. Asimismo, el usuario declara que es mayor de edad.<\/p>\n<p>El tratamiento de los datos de car\u00e1cter personal solicitados tendr\u00e1, adem\u00e1s, como finalidad del tratamiento el env\u00edo de informaci\u00f3n comercial relativa a productos y servicios ofrecidos actualmente y en el futuro por <strong>Indetec marcaje y codificaci\u00f3n S.L<\/strong>; esa informaci\u00f3n incluye comunicaciones publicitarias y promocionales, a trav\u00e9s de correo postal, fax, correo electr\u00f3nico o cualquier otro medio. Para realizar este tratamiento es necesario que el usuario marque la casilla habilitada al efecto en el formulario de la p\u00e1gina web.<\/p>\n<p>Dado el car\u00e1cter personal de los datos facilitados, <strong>Indetec marcaje y codificaci\u00f3n S.L\u00a0<\/strong> se compromete a tratarlos con estricta confidencialidad guardando el secreto debido, a este efecto, la entidad ha implantado las medidas de seguridad adecuadas conforme el an\u00e1lisis de riesgos realizado.<\/p>\n<p>Le informamos que no se ceder\u00e1n sus datos a terceros ni se realizar\u00e1n transferencias internacionales de datos, salvo obligaci\u00f3n legal o cesi\u00f3n necesaria \u00fanica y exclusivamente cuando sea necesario para la prestaci\u00f3n del servicio solicitado, en cuyo caso se solicitar\u00e1 el consentimiento para ello.<\/p>\n<p><strong><u>DERECHOS<\/u><\/strong><\/p>\n<p>Los datos recabados y tratados se conservar\u00e1n por un plazo de tiempo limitado, dicho plazo ser\u00e1 el necesario para cumplir las obligaciones legales impuestas a <strong>Indetec marcaje y codificaci\u00f3n S.L<\/strong> \u00a0por las diferentes normativas aplicables.<\/p>\n<p>El usuario como interesado puede ejercer en todo momento los siguientes derechos en la direcci\u00f3n indicada en el Aviso Legal:<\/p>\n<p><u>Derecho de acceso<\/u>: el interesado podr\u00e1 solicitar al Responsable los datos tratados y en caso afirmativo qu\u00e9 datos personales concretos son tratados.<\/p>\n<p><u>Derecho de rectificaci\u00f3n<\/u>: el interesado podr\u00e1 solicitar al Responsable la correcci\u00f3n de sus datos personales en caso de no ser exactos.<\/p>\n<p><u>Derecho de supresi\u00f3n:<\/u> el interesado podr\u00e1 solicitar al Responsable el borrado de sus datos personales.<\/p>\n<p><u>Derecho de oposici\u00f3n:<\/u> el interesado podr\u00e1 oponerse a que el Responsable realice un tratamiento de sus datos personales.<\/p>\n<p><u>Derecho a la limitaci\u00f3n del tratamiento<\/u>: el interesado podr\u00e1 solicitar al Responsable que temporalmente no trate sus datos personales en unos supuestos concretos.<\/p>\n<p><u>Derecho a la portabilidad:<\/u> el interesado podr\u00e1 solicitar al Responsable sus datos automatizados en un formato estructurado de f\u00e1cil acceso y manejo.<\/p>\n<p>M\u00e1s informaci\u00f3n sobre sus derechos en www.agpd.es.<\/p>\n<p>Asimismo, tiene derecho a presentar una reclamaci\u00f3n ante la Agencia Espa\u00f1ola de Protecci\u00f3n de Datos.<\/p>\n<p><strong><u>COOKIES<\/u><\/strong><\/p>\n<p>Los datos que ser\u00e1n almacenados en cada \u201ccookie\u201d son los siguientes: idioma, fecha y hora de la \u00faltima vez que el usuario visit\u00f3 nuestro Web, dise\u00f1o de contenidos que el usuario escogi\u00f3 en su primera visita a nuestro Web y elementos de seguridad que intervienen en el control de acceso a las \u00e1reas restringidas.<\/p>\n<p>Desde este sitio Web estudiamos las preferencias de nuestros usuarios (caracter\u00edsticas demogr\u00e1ficas, sus patrones de tr\u00e1fico y otra informaci\u00f3n en conjunto para comprender el comportamiento y el perfil de nuestros usuarios). El rastreo de las preferencias de nuestros usuarios nos ayuda para mejorar nuestra P\u00e1gina as\u00ed como nuestros servicios.<\/p>\n<p>Para ello, utilizamos el sistema Google Analytics (herramienta de Google para la medici\u00f3n del tr\u00e1fico de las P\u00e1ginas Web), el cual puede almacenar cookies en su ordenador para ayudarnos a recopilar informaci\u00f3n que ser\u00e1 utilizada \u00fanicamente con fines estad\u00edsticos y de estudio del comportamiento de los usuarios de nuestro sitio web. La informaci\u00f3n que recopila la cookie (incluida la IP) es almacenada y transmitida hacia los servidores de Google en Estados Unidos.\u00a0 Google utilizar\u00e1 dichos datos para recopilar su actividad en nuestro sitio y generar informes con el prop\u00f3sito de identificar el uso que hace del sitio. \u00a0\u00a0\u00a0\u00a0\u00a0\u00a0\u00a0\u00a0\u00a0\u00a0\u00a0\u00a0\u00a0\u00a0 Google podr\u00e1 proporcionar dicha informaci\u00f3n a terceros cuando as\u00ed lo requiera la legislaci\u00f3n vigente.\u00a0 La aceptaci\u00f3n de esta pol\u00edtica supone la aceptaci\u00f3n del uso por parte de Google de la informaci\u00f3n recogida por Google Analytics.<\/p>\n<p>Vd. puede configurar su navegador para rechazar el almacenamiento de las cookies en su ordenador. Puede obtener m\u00e1s informaci\u00f3n en nuestra Pol\u00edtica de Cookies.<\/p>\n<p><strong><u>INFORMACI\u00d3N COMPLETA SOBRE EL TRATAMIENTO DE DATOS PERSONALES<\/u><\/strong><\/p>\n<p><strong><u>RESPONSABLE DEL TRATAMIENTO<\/u><\/strong><\/p>\n<p><strong>\u00bfQui\u00e9n es el responsable del tratamiento de sus datos? <\/strong><\/p>\n<p>&#8211; Identidad: <strong>Indetec marcaje y codificaci\u00f3n S.L<\/strong><\/p>\n<p>&#8211; Dir. Postal: Avenida de Mendavia 11, Pabell\u00f3n N\u00ba 16 26009 Logro\u00f1o<\/p>\n<p>&#8211; Correo electr\u00f3nico: info@kodyka.com<\/p>\n<p><strong><u>FINALIDAD DEL TRATAMIENTO<\/u><\/strong><\/p>\n<p><strong>\u00bfCon qu\u00e9 finalidad tratamos sus datos personales? <\/strong><\/p>\n<p>En <strong>Indetec marcaje y codificaci\u00f3n S.L<\/strong> tratamos la informaci\u00f3n que nos facilitan las personas interesadas con los siguientes fines:<\/p>\n<p>&#8211;\u00a0 Gesti\u00f3n y administraci\u00f3n de la relaci\u00f3n contractual establecida con <strong>proveedores, clientes y empleados. <\/strong><\/p>\n<p>&#8211; Facilitar a los interesados <strong>informaci\u00f3n comercial<\/strong> sobre productos y servicios que pudieran ser de su\u00a0 \u00a0inter\u00e9s.<\/p>\n<p>&#8211; Dar respuesta a sus consultas y cuestiones en el caso de que Usted nos formule alguna pregunta a trav\u00e9s de la <strong>p\u00e1gina web<\/strong>.<\/p>\n<p>&#8211;\u00a0 Evaluar su candidatura ante una futura vacante para un puesto de trabajo, en caso de habernos facilitado su <strong>cv<\/strong>.<\/p>\n<p><strong>\u00a0<\/strong><\/p>\n<p><strong>\u00bfCu\u00e1nto tiempo conservaremos sus datos? <\/strong><\/p>\n<p>Los datos personales proporcionados se conservar\u00e1n:<\/p>\n<ol>\n<li>a) Mientras se mantenga la relaci\u00f3n mercantil.<\/li>\n<li>b) No se solicite su supresi\u00f3n por el interesado.<\/li>\n<li>c) La informaci\u00f3n que por imperativo legal deba conservarse un tiempo espec\u00edfico no se eliminar\u00e1 hasta que transcurra el tiempo indicado en la ley.<\/li>\n<\/ol>\n<p><strong><u>LEGITIMACI\u00d3N DEL TRATAMIENTO<\/u><\/strong><\/p>\n<p><strong>\u00bfCu\u00e1l es la legitimaci\u00f3n para el tratamiento de sus datos?<\/strong><\/p>\n<p>La base legal para el tratamiento de sus datos es la siguiente:<\/p>\n<p>&#8211;\u00a0 Ejecuci\u00f3n del contrato en el caso de que Usted sea <strong>empleado cliente, proveedor.<\/strong><\/p>\n<p>&#8211; Consentimiento del interesado prestado en la p\u00e1gina web en el caso de que usted realice alguna petici\u00f3n o consulta en nuestro formulario de contacto<\/p>\n<p>&#8211; Solicitud del interesado de aplicaci\u00f3n de medidas precontractuales en el caso de que haya enviado su CV.<\/p>\n<p>&#8211; Inter\u00e9s leg\u00edtimo a la hora de realizar <strong>env\u00edos publicitarios<\/strong>.<\/p>\n<p><strong><u>DESTINATARIOS DE LOS DATOS SUMINISTRADOS<\/u><\/strong><\/p>\n<p><strong>\u00bfA qu\u00e9 destinatarios se comunicar\u00e1n sus datos?<\/strong><\/p>\n<ol>\n<li><strong>a)<\/strong> Los datos se comunicar\u00e1n <strong>por requisito legal<\/strong> a:<\/li>\n<\/ol>\n<p style=\"padding-left: 40px;\">&#8211; Organismos de la seguridad social (En el caso de los empleados)<\/p>\n<p style=\"padding-left: 40px;\">&#8211; Administraci\u00f3n tributaria (En el caso de empleados, proveedores y clientes)<\/p>\n<p style=\"padding-left: 40px;\">&#8211; Otros \u00f3rganos de la administraci\u00f3n p\u00fablica (En el caso de empleados, proveedores y clientes)<\/p>\n<ol>\n<li>b) Los datos se comunicar\u00e1n por <strong>requisito contractual<\/strong> a:<\/li>\n<\/ol>\n<p style=\"padding-left: 40px;\">&#8211; Bancos, cajas de ahorros, y cajas rurales<\/p>\n<p><strong><u>DERECHOS DE LOS INTERESADOS<\/u><\/strong><\/p>\n<p><strong>\u00bfCu\u00e1les son sus derechos? <\/strong><\/p>\n<p>Cualquier persona tiene derecho a obtener confirmaci\u00f3n sobre si en <strong>Indetec marcaje y codificaci\u00f3n S.L<\/strong> estamos tratando datos personales que les conciernan, o no.<\/p>\n<p><em><u>Derecho de acceso:<\/u><\/em> el interesado podr\u00e1 solicitar al Responsable los datos tratados y en caso afirmativo qu\u00e9 datos personales concretos son tratados.<\/p>\n<p><em><u>Derecho de rectificaci\u00f3n<\/u><\/em>: el interesado podr\u00e1 solicitar al Responsable la correcci\u00f3n de sus datos personales en caso de no ser exactos.<\/p>\n<p><u>Derecho de supresi\u00f3n<\/u>: el interesado podr\u00e1 solicitar al Responsable el borrado de sus datos personales cuando, entre otros motivos, los datos ya no sean necesarios para los fines para los que fueron recogidos.<\/p>\n<p><em><u>Derecho de oposici\u00f3n<\/u><\/em>: el interesado podr\u00e1 oponerse a que el Responsable realice un tratamiento de sus datos personales.<\/p>\n<p><em><u>Derecho a la limitaci\u00f3n del tratamiento<\/u><\/em>: el interesado podr\u00e1 solicitar al Responsable que temporalmente no trate sus datos personales en unos supuestos concretos.<\/p>\n<p><em><u>Derecho a la portabilidad:<\/u><\/em> el interesado podr\u00e1 solicitar al Responsable sus datos automatizados en un formato estructurado de f\u00e1cil acceso y manejo.<\/p>\n<p><strong>\u00bfC\u00f3mo se pueden ejercer los derechos?<\/strong><\/p>\n<p>Mediante un escrito dirigido a <strong>Indetec marcaje y codificaci\u00f3n S.L<\/strong><\/p>\n<p>Avenida de Mendavia 11, Pabell\u00f3n N\u00ba 16, 26009 Logro\u00f1o<\/p>\n<p><strong>\u00bfQu\u00e9 v\u00edas de reclamaci\u00f3n existen?<\/strong><\/p>\n<p>Si considera que sus derechos no se han atendido debidamente, tiene derecho a presentar una reclamaci\u00f3n ante la Agencia Espa\u00f1ola de Protecci\u00f3n de Datos, C\/ Jorge Juan, 6. 28001 \u2013 Madrid.<\/p>\n<\/div><\/section>\n","protected":false},"excerpt":{"rendered":"","protected":false},"author":1,"featured_media":0,"parent":0,"menu_order":0,"comment_status":"closed","ping_status":"open","template":"","meta":{"footnotes":""},"class_list":["post-6360","page","type-page","status-publish","hentry"],"_links":{"self":[{"href":"https:\/\/kodyka.com\/es\/wp-json\/wp\/v2\/pages\/6360","targetHints":{"allow":["GET"]}}],"collection":[{"href":"https:\/\/kodyka.com\/es\/wp-json\/wp\/v2\/pages"}],"about":[{"href":"https:\/\/kodyka.com\/es\/wp-json\/wp\/v2\/types\/page"}],"author":[{"embeddable":true,"href":"https:\/\/kodyka.com\/es\/wp-json\/wp\/v2\/users\/1"}],"replies":[{"embeddable":true,"href":"https:\/\/kodyka.com\/es\/wp-json\/wp\/v2\/comments?post=6360"}],"version-history":[{"count":7,"href":"https:\/\/kodyka.com\/es\/wp-json\/wp\/v2\/pages\/6360\/revisions"}],"predecessor-version":[{"id":14676,"href":"https:\/\/kodyka.com\/es\/wp-json\/wp\/v2\/pages\/6360\/revisions\/14676"}],"wp:attachment":[{"href":"https:\/\/kodyka.com\/es\/wp-json\/wp\/v2\/media?parent=6360"}],"curies":[{"name":"wp","href":"https:\/\/api.w.org\/{rel}","templated":true}]}}

Política de privacidad

<section  class='av_textblock_section av-leoqjkdj-2fbdfe073b97733c7e91d5576eb95f4a'  itemscope="itemscope" itemtype="https://schema.org/CreativeWork" ><div class='avia_textblock'  itemprop="text" ><h2>¿Quienes somos?</h2>
<p>o Nuestro nombre: Kodyka S.L.</p>
<p>o Nuestro negocio principal: fabricación, distribución y venta de impresoras y tintas térmicas TIJ 2.5</p>
<p>o Nuestra dirección: Avenida de Mendavia 11, Pabellón Nº 16, 26009, Logroño, La Rioja, España</p>
<p>o Nuestro teléfono de contacto: +34 941743964</p>
<p>o Nuestra dirección de correo electrónico de contacto: info@kodyka.com</p>
<p>o Nuestro sitio web: https://kodyka.com</p>
<p>o Para su confianza y seguridad, le informamos que somos una entidad inscrita en el siguiente Registro Mercantil/Registro Público: R.M. de la Rioja, Tomo 854, Folio 158, Inscripción:1, Hoja: LO: 18595</p>
<p>Estamos a tu disposición, no dudes en contactarnos.</p>
</div></section>
<section  class='av_textblock_section av-kb69hmgd-6eada6a40168445d4dd279715160dc2d'  itemscope="itemscope" itemtype="https://schema.org/CreativeWork" ><div class='avia_textblock'  itemprop="text" ><p><strong><u>TRATAMIENTOS DE DATOS PERSONALES A TRAVÉS DE LA PÁGINA WEB</u></strong></p>
<p>En cumplimiento de lo establecido en la normativa aplicable de Protección de Datos, le informamos que los datos que serán tratados como Responsable por <strong>Indetec marcaje y codificación S.L</strong>. cuya finalidad del tratamiento es la prestación del servicio que el usuario solicite a través de nuestro formulario de contacto y para ello necesitamos que marque la casilla habilitada que indica la aceptación de esta política, de tal manera que si no lo hace no tendremos su consentimiento expreso y por ello no podremos dar respuesta a su solicitud.</p>
<p>Para la correcta prestación de los servicios ofrecidos por <strong>Indetec marcaje y codificación S.L</strong> es preciso que el usuario conteste a todas y cada una de las preguntas que aparecen en los formularios presentes en nuestro sitio web. Asimismo, el usuario declara que es mayor de edad.</p>
<p>El tratamiento de los datos de carácter personal solicitados tendrá, además, como finalidad del tratamiento el envío de información comercial relativa a productos y servicios ofrecidos actualmente y en el futuro por <strong>Indetec marcaje y codificación S.L</strong>; esa información incluye comunicaciones publicitarias y promocionales, a través de correo postal, fax, correo electrónico o cualquier otro medio. Para realizar este tratamiento es necesario que el usuario marque la casilla habilitada al efecto en el formulario de la página web.</p>
<p>Dado el carácter personal de los datos facilitados, <strong>Indetec marcaje y codificación S.L </strong> se compromete a tratarlos con estricta confidencialidad guardando el secreto debido, a este efecto, la entidad ha implantado las medidas de seguridad adecuadas conforme el análisis de riesgos realizado.</p>
<p>Le informamos que no se cederán sus datos a terceros ni se realizarán transferencias internacionales de datos, salvo obligación legal o cesión necesaria única y exclusivamente cuando sea necesario para la prestación del servicio solicitado, en cuyo caso se solicitará el consentimiento para ello.</p>
<p><strong><u>DERECHOS</u></strong></p>
<p>Los datos recabados y tratados se conservarán por un plazo de tiempo limitado, dicho plazo será el necesario para cumplir las obligaciones legales impuestas a <strong>Indetec marcaje y codificación S.L</strong>  por las diferentes normativas aplicables.</p>
<p>El usuario como interesado puede ejercer en todo momento los siguientes derechos en la dirección indicada en el Aviso Legal:</p>
<p><u>Derecho de acceso</u>: el interesado podrá solicitar al Responsable los datos tratados y en caso afirmativo qué datos personales concretos son tratados.</p>
<p><u>Derecho de rectificación</u>: el interesado podrá solicitar al Responsable la corrección de sus datos personales en caso de no ser exactos.</p>
<p><u>Derecho de supresión:</u> el interesado podrá solicitar al Responsable el borrado de sus datos personales.</p>
<p><u>Derecho de oposición:</u> el interesado podrá oponerse a que el Responsable realice un tratamiento de sus datos personales.</p>
<p><u>Derecho a la limitación del tratamiento</u>: el interesado podrá solicitar al Responsable que temporalmente no trate sus datos personales en unos supuestos concretos.</p>
<p><u>Derecho a la portabilidad:</u> el interesado podrá solicitar al Responsable sus datos automatizados en un formato estructurado de fácil acceso y manejo.</p>
<p>Más información sobre sus derechos en www.agpd.es.</p>
<p>Asimismo, tiene derecho a presentar una reclamación ante la Agencia Española de Protección de Datos.</p>
<p><strong><u>COOKIES</u></strong></p>
<p>Los datos que serán almacenados en cada “cookie” son los siguientes: idioma, fecha y hora de la última vez que el usuario visitó nuestro Web, diseño de contenidos que el usuario escogió en su primera visita a nuestro Web y elementos de seguridad que intervienen en el control de acceso a las áreas restringidas.</p>
<p>Desde este sitio Web estudiamos las preferencias de nuestros usuarios (características demográficas, sus patrones de tráfico y otra información en conjunto para comprender el comportamiento y el perfil de nuestros usuarios). El rastreo de las preferencias de nuestros usuarios nos ayuda para mejorar nuestra Página así como nuestros servicios.</p>
<p>Para ello, utilizamos el sistema Google Analytics (herramienta de Google para la medición del tráfico de las Páginas Web), el cual puede almacenar cookies en su ordenador para ayudarnos a recopilar información que será utilizada únicamente con fines estadísticos y de estudio del comportamiento de los usuarios de nuestro sitio web. La información que recopila la cookie (incluida la IP) es almacenada y transmitida hacia los servidores de Google en Estados Unidos.  Google utilizará dichos datos para recopilar su actividad en nuestro sitio y generar informes con el propósito de identificar el uso que hace del sitio.                Google podrá proporcionar dicha información a terceros cuando así lo requiera la legislación vigente.  La aceptación de esta política supone la aceptación del uso por parte de Google de la información recogida por Google Analytics.</p>
<p>Vd. puede configurar su navegador para rechazar el almacenamiento de las cookies en su ordenador. Puede obtener más información en nuestra Política de Cookies.</p>
<p><strong><u>INFORMACIÓN COMPLETA SOBRE EL TRATAMIENTO DE DATOS PERSONALES</u></strong></p>
<p><strong><u>RESPONSABLE DEL TRATAMIENTO</u></strong></p>
<p><strong>¿Quién es el responsable del tratamiento de sus datos? </strong></p>
<p>&#8211; Identidad: <strong>Indetec marcaje y codificación S.L</strong></p>
<p>&#8211; Dir. Postal: Avenida de Mendavia 11, Pabellón Nº 16 26009 Logroño</p>
<p>&#8211; Correo electrónico: info@kodyka.com</p>
<p><strong><u>FINALIDAD DEL TRATAMIENTO</u></strong></p>
<p><strong>¿Con qué finalidad tratamos sus datos personales? </strong></p>
<p>En <strong>Indetec marcaje y codificación S.L</strong> tratamos la información que nos facilitan las personas interesadas con los siguientes fines:</p>
<p>&#8211;  Gestión y administración de la relación contractual establecida con <strong>proveedores, clientes y empleados. </strong></p>
<p>&#8211; Facilitar a los interesados <strong>información comercial</strong> sobre productos y servicios que pudieran ser de su   interés.</p>
<p>&#8211; Dar respuesta a sus consultas y cuestiones en el caso de que Usted nos formule alguna pregunta a través de la <strong>página web</strong>.</p>
<p>&#8211;  Evaluar su candidatura ante una futura vacante para un puesto de trabajo, en caso de habernos facilitado su <strong>cv</strong>.</p>
<p><strong> </strong></p>
<p><strong>¿Cuánto tiempo conservaremos sus datos? </strong></p>
<p>Los datos personales proporcionados se conservarán:</p>
<ol>
<li>a) Mientras se mantenga la relación mercantil.</li>
<li>b) No se solicite su supresión por el interesado.</li>
<li>c) La información que por imperativo legal deba conservarse un tiempo específico no se eliminará hasta que transcurra el tiempo indicado en la ley.</li>
</ol>
<p><strong><u>LEGITIMACIÓN DEL TRATAMIENTO</u></strong></p>
<p><strong>¿Cuál es la legitimación para el tratamiento de sus datos?</strong></p>
<p>La base legal para el tratamiento de sus datos es la siguiente:</p>
<p>&#8211;  Ejecución del contrato en el caso de que Usted sea <strong>empleado cliente, proveedor.</strong></p>
<p>&#8211; Consentimiento del interesado prestado en la página web en el caso de que usted realice alguna petición o consulta en nuestro formulario de contacto</p>
<p>&#8211; Solicitud del interesado de aplicación de medidas precontractuales en el caso de que haya enviado su CV.</p>
<p>&#8211; Interés legítimo a la hora de realizar <strong>envíos publicitarios</strong>.</p>
<p><strong><u>DESTINATARIOS DE LOS DATOS SUMINISTRADOS</u></strong></p>
<p><strong>¿A qué destinatarios se comunicarán sus datos?</strong></p>
<ol>
<li><strong>a)</strong> Los datos se comunicarán <strong>por requisito legal</strong> a:</li>
</ol>
<p style="padding-left: 40px;">&#8211; Organismos de la seguridad social (En el caso de los empleados)</p>
<p style="padding-left: 40px;">&#8211; Administración tributaria (En el caso de empleados, proveedores y clientes)</p>
<p style="padding-left: 40px;">&#8211; Otros órganos de la administración pública (En el caso de empleados, proveedores y clientes)</p>
<ol>
<li>b) Los datos se comunicarán por <strong>requisito contractual</strong> a:</li>
</ol>
<p style="padding-left: 40px;">&#8211; Bancos, cajas de ahorros, y cajas rurales</p>
<p><strong><u>DERECHOS DE LOS INTERESADOS</u></strong></p>
<p><strong>¿Cuáles son sus derechos? </strong></p>
<p>Cualquier persona tiene derecho a obtener confirmación sobre si en <strong>Indetec marcaje y codificación S.L</strong> estamos tratando datos personales que les conciernan, o no.</p>
<p><em><u>Derecho de acceso:</u></em> el interesado podrá solicitar al Responsable los datos tratados y en caso afirmativo qué datos personales concretos son tratados.</p>
<p><em><u>Derecho de rectificación</u></em>: el interesado podrá solicitar al Responsable la corrección de sus datos personales en caso de no ser exactos.</p>
<p><u>Derecho de supresión</u>: el interesado podrá solicitar al Responsable el borrado de sus datos personales cuando, entre otros motivos, los datos ya no sean necesarios para los fines para los que fueron recogidos.</p>
<p><em><u>Derecho de oposición</u></em>: el interesado podrá oponerse a que el Responsable realice un tratamiento de sus datos personales.</p>
<p><em><u>Derecho a la limitación del tratamiento</u></em>: el interesado podrá solicitar al Responsable que temporalmente no trate sus datos personales en unos supuestos concretos.</p>
<p><em><u>Derecho a la portabilidad:</u></em> el interesado podrá solicitar al Responsable sus datos automatizados en un formato estructurado de fácil acceso y manejo.</p>
<p><strong>¿Cómo se pueden ejercer los derechos?</strong></p>
<p>Mediante un escrito dirigido a <strong>Indetec marcaje y codificación S.L</strong></p>
<p>Avenida de Mendavia 11, Pabellón Nº 16, 26009 Logroño</p>
<p><strong>¿Qué vías de reclamación existen?</strong></p>
<p>Si considera que sus derechos no se han atendido debidamente, tiene derecho a presentar una reclamación ante la Agencia Española de Protección de Datos, C/ Jorge Juan, 6. 28001 – Madrid.</p>
</div></section>
